0
What is the millions digit of 59674618?
9
What is the millions digit of 25981128?
5
What is the hundred millions digit of 186365576?
1
What is the ten millions digit of 69765127?
6
What is the thousands digit of 42750056?
0
What is the millions digit of 77472337?
7
What is the hundred thousands digit of 914958204?
9
What is the tens digit of 105437268?
6
What is the hundred thousands digit of 155702608?
7
What is the millions digit of 344140454?
4
What is the hundreds digit of 85026307?
3
What is the ten thousands digit of 191261287?
6
What is the units digit of 19666774?
4
What is the thousands digit of 94285594?
5
What is the hundred thousands digit of 272176679?
1
What is the hundred millions digit of 1080298853?
0
What is the units digit of 3321275?
5
What is the units digit of 97159040?
0
What is the units digit of 542601913?
3
What is the hundreds digit of 83881391?
3
What is the units digit of 7596648?
8
What is the hundreds digit of 4980590659?
6
What is the ten millions digit of 142804382?
4
What is the ten millions digit of 55075449?
5
What is the hundreds digit of 908345234?
2
What is the thousands digit of 43678609?
8
What is the ten thousands digit of 1165634264?
3
What is the hundreds digit of 38952758?
7
What is the ten thousands digit of 95471962?
7
What is the millions digit of 2813739289?
3
What is the units digit of 387386584?
4
What is the millions digit of 925409930?
5
What is the units digit of 266409545?
5
What is the ten thousands digit of 358421306?
2
What is the millions digit of 1284767096?
4
What is the tens digit of 43830449?
4
What is the thousands digit of 1040191612?
1
What is the hundred thousands digit of 14482015?
4
What is the thousands digit of 1742733017?
3
What is the thousands digit of 36443998?
3
What is the millions digit of 910498921?
0
What is the ten thousands digit of 28953928?
5
What is the millions digit of 182344855?
2
What is the units digit of 227026654?
4
What is the hundred millions digit of 464794264?
4
What is the ten thousands digit of 32495824?
9
What is the hundred thousands digit of 543132696?
1
What is the hundreds digit of 316551835?
8
What is the hundreds digit of 586180590?
5
What is the tens digit of 311871962?
6
What is the tens digit of 1105436326?
2
What is the hundred millions digit of 186502950?
1
What is the millions digit of 903114906?
3
What is the ten thousands digit of 266045337?
4
What is the ten millions digit of 169985573?
6
What is the ten thousands digit of 190115952?
1
What is the ten millions digit of 190072307?
9
What is the tens digit of 69298903?
0
What is the units digit of 393699445?
5
What is the ten thousands digit of 314801146?
0
What is the thousands digit of 191278983?
8
What is the tens digit of 88393811?
1
What is the units digit of 45620765?
5
What is the hundred thousands digit of 702490809?
4
What is the millions digit of 1399046182?
9
What is the ten thousands digit of 41607662?
0
What is the ten millions digit of 656005058?
5
What is the tens digit of 21808079?
7
What is the millions digit of 51661855?
1
What is the billions digit of 7993780786?
7
What is the ten millions digit of 42587280?
4
What is the tens digit of 119417011?
1
What is the hundreds digit of 815157331?
3
What is the hundred thousands digit of 40709649?
7
What is the hundred thousands digit of 41003993?
0
What is the units digit of 35360367?
7
What is the hundred millions digit of 106319363?
1
What is the units digit of 6086013695?
5
What is the thousands digit of 259410079?
0
What is the ten thousands digit of 1920206009?
0
What is the hundreds digit of 159961710?
7
What is the units digit of 46856815?
5
What is the hundreds digit of 664598887?
8
What is the thousands digit of 916421745?
1
What is the hundred millions digit of 303894205?
3
What is the hundred thousands digit of 107285915?
2
What is the hundreds digit of 205410848?
8
What is the hundred thousands digit of 276894433?
8
What is the hundreds digit of 471392795?
7
What is the ten thousands digit of 63503067?
0
What is the hundred thousands digit of 832027181?
0
What is the hundreds digit of 422739053?
0
What is the hundred thousands digit of 39171631?
1
What is the tens digit of 560645351?
5
What is the tens digit of 13197404?
0
What is the hundred thousands digit of 4171273161?
2
What is the hundreds digit of 21217033?
0
What is the tens digit of 54955626?
2
What is the hundreds digit of 4655496909?
9
What is the ten thousands digit of 271076836?
7
What is the hundred thousands digit of 97970126?
9
What is the units digit of 154830858?
8
What is the ten millions digit of 840191234?
4
What is the hundreds digit of 133688015?
0
What is the hundreds digit of 59499875?
8
What is the millions digit of 1448916510?
8
What is the millions digit of 74119808?
4
What is the tens digit of 43670951?
5
What is the millions digit of 57502696?
7
What is the thousands digit of 193976135?
6
What is the ten millions digit of 494741709?
9
What is the hundred thousands digit of 33817766?
8
What is the hundreds digit of 180459963?
9
What is the units digit of 283441027?
7
What is the ten thousands digit of 35582425?
8
What is the millions digit of 27564356?
7
What is the millions digit of 80184313?
0
What is the hundreds digit of 679689568?
5
What is the units digit of 94714971?
1
What is the tens digit of 63389626?
2
What is the ten thousands digit of 24699911?
9
What is the thousands digit of 54910717?
0
What is the thousands digit of 38338385?
8
What is the hundred millions digit of 890947379?
8
What is the ten millions digit of 316007695?
1
What is the ten thousands digit of 1255291722?
9
What is the tens digit of 172628899?
9
What is the tens digit of 7485850524?
2
What is the hundred thousands digit of 136175370?
1
What is the hundred thousands digit of 188296284?
2
What is the units digit of 80703508?
8
What is the hundreds digit of 5577909058?
0
What is the units digit of 8250624731?
1
What is the hundred thousands digit of 40166304?
1
What is the thousands digit of 1999330863?
0
What is the hundreds digit of 223070101?
1
What is the millions digit of 658091186?
8
What is the tens digit of 29763393?
9
What is the units digit of 2431870633?
3
What is the hundred thousands digit of 645762082?
7
What is the thousands digit of 95266561?
6
What is the hundred thousands digit of 27877183?
8
What is the ten millions digit of 33130246?
3
What is the hundred millions digit of 1564205702?
5
What is the units digit of 541282725?
5
What is the units digit of 4712123941?
1
What is the hundreds digit of 98896412?
4
What is the units digit of 1038572793?
3
What is the thousands digit of 756241373?
1
What is the tens digit of 1749908?
0
What is the tens digit of 416042496?
9
What is the tens digit of 20224621?
2
What is the billions digit of 5532256809?
5
What is the ten millions digit of 3343023143?
4
What is the ten thousands digit of 476091672?
9
What is the ten millions digit of 2095106343?
9
What is the millions digit of 41437695?
1
What is the thousands digit of 67874711?
4
What is the millions digit of 473966905?
3
What is the millions digit of 303200077?
3
What is the ten thousands digit of 2100088870?
8
What is the thousands digit of 1153570879?
0
What is the ten thousands digit of 2812742371?
4
What is the hundreds digit of 1556257708?
7
What is the ten thousands digit of 30998879?
9
What is the ten thousands digit of 934207301?
0
What is the thousands digit of 14592113?
2
What is the hundred thousands digit of 122856492?
8
What is the ten thousands digit of 845269037?
6
What is the ten thousands digit of 120376628?
7
What is the tens digit of 408157039?
3
What is the ten millions digit of 983304606?
8
What is the ten thousands digit of 11559288?
5
What is the units digit of 34633166?
6
What is the hundreds digit of 563535837?
8
What is the ten thousands digit of 65940373?
4
What is the hundreds digit of 118360783?
7
What is the ten millions digit of 497619908?
9
What is the hundred millions digit of 1381998997?
3
What is the ten millions digit of 86797090?
8
What is the tens digit of 11373150?
5
What is the hundreds digit of 153950368?
3
What is the billions digit of 1191613404?
1
What is the thousands digit of 41933691?
3
What